Last updated on 2024-05-13 03:49:36 CEST.
Flavor | Version | Tinstall | Tcheck | Ttotal | Status | Flags |
---|---|---|---|---|---|---|
r-devel-linux-x86_64-debian-clang | 0.1.5 | 1.84 | 21.59 | 23.43 | NOTE | |
r-devel-linux-x86_64-debian-gcc | 0.1.5 | 1.61 | 16.65 | 18.26 | NOTE | |
r-devel-linux-x86_64-fedora-clang | 0.1.5 | 29.30 | NOTE | |||
r-devel-linux-x86_64-fedora-gcc | 0.1.5 | 31.53 | NOTE | |||
r-devel-windows-x86_64 | 0.1.5 | 3.00 | 40.00 | 43.00 | NOTE | |
r-patched-linux-x86_64 | 0.1.5 | 2.28 | 20.80 | 23.08 | NOTE | |
r-release-linux-x86_64 | 0.1.5 | 1.99 | 20.21 | 22.20 | NOTE | |
r-release-macos-arm64 | 0.1.5 | 15.00 | NOTE | |||
r-release-windows-x86_64 | 0.1.5 | 4.00 | 39.00 | 43.00 | NOTE | |
r-oldrel-macos-arm64 | 0.1.5 | 15.00 | OK | |||
r-oldrel-macos-x86_64 | 0.1.5 | 18.00 | OK | |||
r-oldrel-windows-x86_64 | 0.1.5 | 3.00 | 39.00 | 42.00 | OK |
Version: 0.1.5
Check: Rd files
Result: NOTE
checkRd: (-1) create_terminal_dir.Rd:11: Lost braces; missing escapes or markup?
11 | the following child folders: {repo_base}/bin/ and {repo_base}/src/. A
| ^
checkRd: (-1) create_terminal_dir.Rd:11: Lost braces; missing escapes or markup?
11 | the following child folders: {repo_base}/bin/ and {repo_base}/src/. A
| ^
checkRd: (-1) full_repo_dir.Rd:11: Lost braces; missing escapes or markup?
11 | the following child folders: {repo_base}/bin/ and {repo_base}/src/. A
| ^
checkRd: (-1) full_repo_dir.Rd:11: Lost braces; missing escapes or markup?
11 | the following child folders: {repo_base}/bin/ and {repo_base}/src/. A
| ^
Flavors: r-devel-linux-x86_64-debian-clang, r-devel-linux-x86_64-debian-gcc, r-devel-linux-x86_64-fedora-clang, r-devel-linux-x86_64-fedora-gcc, r-devel-windows-x86_64, r-patched-linux-x86_64, r-release-linux-x86_64, r-release-macos-arm64, r-release-windows-x86_64