Last updated on 2024-05-09 15:49:25 CEST.
Flavor | Version | Tinstall | Tcheck | Ttotal | Status | Flags |
---|---|---|---|---|---|---|
r-devel-linux-x86_64-debian-clang | 0.1.7 | 168.28 | 87.54 | 255.82 | NOTE | |
r-devel-linux-x86_64-debian-gcc | 0.1.7 | 117.35 | 64.53 | 181.88 | NOTE | |
r-devel-linux-x86_64-fedora-clang | 0.1.7 | 354.35 | NOTE | |||
r-devel-linux-x86_64-fedora-gcc | 0.1.7 | 427.93 | NOTE | |||
r-devel-windows-x86_64 | 0.1.7 | 128.00 | 117.00 | 245.00 | NOTE | |
r-patched-linux-x86_64 | 0.1.7 | 134.21 | 88.15 | 222.36 | NOTE | |
r-release-linux-x86_64 | 0.1.7 | 122.83 | 87.01 | 209.84 | NOTE | |
r-release-macos-arm64 | 0.1.7 | 80.00 | NOTE | |||
r-release-windows-x86_64 | 0.1.7 | 130.00 | 119.00 | 249.00 | NOTE | |
r-oldrel-macos-arm64 | 0.1.7 | 90.00 | NOTE | |||
r-oldrel-macos-x86_64 | 0.1.7 | 127.00 | NOTE | |||
r-oldrel-windows-x86_64 | 0.1.7 | 160.00 | 133.00 | 293.00 | OK |
Version: 0.1.7
Check: Rd files
Result: NOTE
checkRd: (-1) get_mdgc.Rd:34: Lost braces in \itemize; meant \describe ?
checkRd: (-1) get_mdgc.Rd:35: Lost braces in \itemize; meant \describe ?
checkRd: (-1) get_mdgc.Rd:36: Lost braces in \itemize; meant \describe ?
checkRd: (-1) get_mdgc.Rd:37: Lost braces in \itemize; meant \describe ?
Flavors: r-devel-linux-x86_64-debian-clang, r-devel-linux-x86_64-debian-gcc, r-devel-linux-x86_64-fedora-clang, r-devel-linux-x86_64-fedora-gcc, r-devel-windows-x86_64, r-patched-linux-x86_64, r-release-linux-x86_64, r-release-macos-arm64, r-release-windows-x86_64
Version: 0.1.7
Check: installed package size
Result: NOTE
installed size is 10.7Mb
sub-directories of 1Mb or more:
libs 10.3Mb
Flavors: r-release-macos-arm64, r-oldrel-macos-arm64, r-oldrel-macos-x86_64