Last updated on 2024-05-11 03:51:59 CEST.
Flavor | Version | Tinstall | Tcheck | Ttotal | Status | Flags |
---|---|---|---|---|---|---|
r-devel-linux-x86_64-debian-clang | 1.0.3 | 19.98 | 220.69 | 240.67 | OK | |
r-devel-linux-x86_64-debian-gcc | 1.0.3 | 12.90 | 162.80 | 175.70 | OK | |
r-devel-linux-x86_64-fedora-clang | 1.0.3 | 296.71 | NOTE | |||
r-devel-linux-x86_64-fedora-gcc | 1.0.3 | 356.37 | OK | |||
r-devel-windows-x86_64 | 1.0.3 | 17.00 | 180.00 | 197.00 | NOTE | |
r-patched-linux-x86_64 | 1.0.3 | 12.37 | 209.83 | 222.20 | OK | |
r-release-linux-x86_64 | 1.0.3 | 12.93 | 211.20 | 224.13 | OK | |
r-release-macos-arm64 | 1.0.3 | 98.00 | NOTE | |||
r-release-windows-x86_64 | 1.0.3 | 18.00 | 179.00 | 197.00 | NOTE | |
r-oldrel-macos-arm64 | 1.0.3 | 169.00 | NOTE | |||
r-oldrel-macos-x86_64 | 1.0.3 | 216.00 | NOTE | |||
r-oldrel-windows-x86_64 | 1.0.3 | 21.00 | 217.00 | 238.00 | NOTE |
Version: 1.0.3
Check: installed package size
Result: NOTE
installed size is 5.2Mb
sub-directories of 1Mb or more:
data 4.1Mb
Flavors: r-devel-linux-x86_64-fedora-clang, r-devel-windows-x86_64, r-release-macos-arm64, r-release-windows-x86_64, r-oldrel-macos-arm64, r-oldrel-macos-x86_64, r-oldrel-windows-x86_64