Last updated on 2024-05-13 03:49:37 CEST.
Flavor | Version | Tinstall | Tcheck | Ttotal | Status | Flags |
---|---|---|---|---|---|---|
r-devel-linux-x86_64-debian-clang | 1.3.4 | 420.51 | 581.10 | 1001.61 | OK | |
r-devel-linux-x86_64-debian-gcc | 1.3.4 | 322.42 | 416.15 | 738.57 | OK | |
r-devel-linux-x86_64-fedora-clang | 1.3.4 | 1248.83 | NOTE | |||
r-devel-linux-x86_64-fedora-gcc | 1.3.4 | 1421.08 | OK | |||
r-devel-windows-x86_64 | 1.3.4 | 302.00 | 446.00 | 748.00 | NOTE | |
r-patched-linux-x86_64 | 1.3.4 | 385.80 | 537.62 | 923.42 | OK | |
r-release-linux-x86_64 | 1.3.4 | 391.10 | 521.73 | 912.83 | OK | |
r-release-macos-arm64 | 1.3.4 | 327.00 | NOTE | |||
r-release-macos-x86_64 | 1.3.4 | 610.00 | NOTE | |||
r-release-windows-x86_64 | 1.3.4 | 294.00 | 434.00 | 728.00 | NOTE | |
r-oldrel-macos-arm64 | 1.3.4 | 302.00 | NOTE | |||
r-oldrel-macos-x86_64 | 1.3.4 | 609.00 | NOTE | |||
r-oldrel-windows-x86_64 | 1.3.4 | 371.00 | 566.00 | 937.00 | NOTE |
Version: 1.3.4
Check: installed package size
Result: NOTE
installed size is 8.5Mb
sub-directories of 1Mb or more:
R 1.7Mb
doc 2.8Mb
libs 2.1Mb
Flavors: r-devel-linux-x86_64-fedora-clang, r-devel-windows-x86_64, r-release-macos-arm64, r-release-macos-x86_64, r-release-windows-x86_64, r-oldrel-macos-arm64, r-oldrel-macos-x86_64, r-oldrel-windows-x86_64