Last updated on 2024-05-11 15:49:12 CEST.
Flavor | Version | Tinstall | Tcheck | Ttotal | Status | Flags |
---|---|---|---|---|---|---|
r-devel-linux-x86_64-debian-clang | 1.2.2 | 196.03 | 33.02 | 229.05 | OK | |
r-devel-linux-x86_64-debian-gcc | 1.2.2 | 159.59 | 25.25 | 184.84 | OK | |
r-devel-linux-x86_64-fedora-clang | 1.2.2 | 324.72 | OK | |||
r-devel-linux-x86_64-fedora-gcc | 1.2.2 | 419.48 | OK | |||
r-devel-windows-x86_64 | 1.2.2 | 140.00 | 76.00 | 216.00 | OK | |
r-patched-linux-x86_64 | 1.2.2 | 193.14 | 32.11 | 225.25 | OK | |
r-release-linux-x86_64 | 1.2.2 | 194.49 | 31.26 | 225.75 | OK | |
r-release-macos-arm64 | 1.2.2 | 61.00 | NOTE | |||
r-release-windows-x86_64 | 1.2.2 | 146.00 | 73.00 | 219.00 | OK | |
r-oldrel-macos-arm64 | 1.2.2 | 68.00 | NOTE | |||
r-oldrel-macos-x86_64 | 1.2.2 | 102.00 | NOTE | |||
r-oldrel-windows-x86_64 | 1.2.2 | 181.00 | 84.00 | 265.00 | OK |
Version: 1.2.2
Check: installed package size
Result: NOTE
installed size is 10.6Mb
sub-directories of 1Mb or more:
libs 10.4Mb
Flavors: r-release-macos-arm64, r-oldrel-macos-arm64, r-oldrel-macos-x86_64