Last updated on 2024-05-13 03:49:38 CEST.
Flavor | Version | Tinstall | Tcheck | Ttotal | Status | Flags |
---|---|---|---|---|---|---|
r-devel-linux-x86_64-debian-clang | 1.3 | 4.79 | 68.28 | 73.07 | OK | |
r-devel-linux-x86_64-debian-gcc | 1.3 | 3.71 | 46.19 | 49.90 | OK | |
r-devel-linux-x86_64-fedora-clang | 1.3 | 86.25 | NOTE | |||
r-devel-linux-x86_64-fedora-gcc | 1.3 | 85.92 | OK | |||
r-devel-windows-x86_64 | 1.3 | 5.00 | 71.00 | 76.00 | OK | |
r-patched-linux-x86_64 | 1.3 | 4.95 | 60.82 | 65.77 | OK | |
r-release-linux-x86_64 | 1.3 | 4.99 | 63.31 | 68.30 | OK | |
r-release-macos-arm64 | 1.3 | 24.00 | OK | |||
r-release-windows-x86_64 | 1.3 | 5.00 | 72.00 | 77.00 | OK | |
r-oldrel-macos-arm64 | 1.3 | 26.00 | OK | |||
r-oldrel-macos-x86_64 | 1.3 | 40.00 | OK | |||
r-oldrel-windows-x86_64 | 1.3 | 5.00 | 79.00 | 84.00 | OK |
Version: 1.3
Check: Rd cross-references
Result: NOTE
Undeclared package ‘energy’ in Rd xrefs
Flavor: r-devel-linux-x86_64-fedora-clang