Last updated on 2024-05-11 03:52:00 CEST.
Flavor | Version | Tinstall | Tcheck | Ttotal | Status | Flags |
---|---|---|---|---|---|---|
r-devel-linux-x86_64-debian-clang | 1.0.5 | 45.55 | 210.32 | 255.87 | OK | |
r-devel-linux-x86_64-debian-gcc | 1.0.5 | 37.15 | 150.75 | 187.90 | OK | |
r-devel-linux-x86_64-fedora-clang | 1.0.5 | 300.01 | OK | |||
r-devel-linux-x86_64-fedora-gcc | 1.0.5 | 496.34 | OK | |||
r-devel-windows-x86_64 | 1.0.5 | 34.00 | 179.00 | 213.00 | OK | |
r-patched-linux-x86_64 | 1.0.5 | 48.78 | 208.07 | 256.85 | OK | |
r-release-linux-x86_64 | 1.0.5 | 45.33 | 201.64 | 246.97 | OK | |
r-release-macos-arm64 | 1.0.5 | 71.00 | NOTE | |||
r-release-windows-x86_64 | 1.0.5 | 35.00 | 177.00 | 212.00 | OK | |
r-oldrel-macos-arm64 | 1.0.5 | 82.00 | NOTE | |||
r-oldrel-macos-x86_64 | 1.0.5 | 146.00 | NOTE | |||
r-oldrel-windows-x86_64 | 1.0.5 | 36.00 | 220.00 | 256.00 | OK |
Version: 1.0.5
Check: installed package size
Result: NOTE
installed size is 6.5Mb
sub-directories of 1Mb or more:
libs 5.9Mb
Flavors: r-release-macos-arm64, r-oldrel-macos-arm64, r-oldrel-macos-x86_64