Last updated on 2024-05-11 03:52:00 CEST.
Flavor | Version | Tinstall | Tcheck | Ttotal | Status | Flags |
---|---|---|---|---|---|---|
r-devel-linux-x86_64-debian-clang | 2.0.3 | 2.87 | 32.93 | 35.80 | OK | |
r-devel-linux-x86_64-debian-gcc | 2.0.3 | 2.02 | 24.47 | 26.49 | OK | |
r-devel-linux-x86_64-fedora-clang | 2.0.3 | 44.75 | NOTE | |||
r-devel-linux-x86_64-fedora-gcc | 2.0.3 | 44.82 | NOTE | |||
r-devel-windows-x86_64 | 2.0.3 | 3.00 | 47.00 | 50.00 | OK | |
r-patched-linux-x86_64 | 2.0.3 | 2.38 | 31.57 | 33.95 | OK | |
r-release-linux-x86_64 | 2.0.3 | 2.35 | 31.14 | 33.49 | OK | |
r-release-macos-arm64 | 2.0.3 | 18.00 | OK | |||
r-release-windows-x86_64 | 2.0.3 | 3.00 | 50.00 | 53.00 | OK | |
r-oldrel-macos-arm64 | 2.0.3 | 20.00 | OK | |||
r-oldrel-macos-x86_64 | 2.0.3 | 44.00 | OK | |||
r-oldrel-windows-x86_64 | 2.0.3 | 5.00 | 51.00 | 56.00 | OK |
Version: 2.0.3
Check: data for non-ASCII characters
Result: NOTE
Note: found 1 marked UTF-8 string
Flavors: r-devel-linux-x86_64-fedora-clang, r-devel-linux-x86_64-fedora-gcc