Last updated on 2024-05-09 15:49:26 CEST.
Flavor | Version | Tinstall | Tcheck | Ttotal | Status | Flags |
---|---|---|---|---|---|---|
r-devel-linux-x86_64-debian-clang | 0.1.1 | 2.20 | 20.76 | 22.96 | NOTE | |
r-devel-linux-x86_64-debian-gcc | 0.1.1 | 1.47 | 16.07 | 17.54 | NOTE | |
r-devel-linux-x86_64-fedora-clang | 0.1.1 | 28.50 | NOTE | |||
r-devel-linux-x86_64-fedora-gcc | 0.1.1 | 29.87 | NOTE | |||
r-devel-windows-x86_64 | 0.1.1 | 3.00 | 38.00 | 41.00 | NOTE | |
r-patched-linux-x86_64 | 0.1.1 | 2.10 | 20.21 | 22.31 | NOTE | |
r-release-linux-x86_64 | 0.1.1 | 1.60 | 19.51 | 21.11 | NOTE | |
r-release-macos-arm64 | 0.1.1 | 13.00 | NOTE | |||
r-release-windows-x86_64 | 0.1.1 | 2.00 | 39.00 | 41.00 | NOTE | |
r-oldrel-macos-arm64 | 0.1.1 | 16.00 | NOTE | |||
r-oldrel-macos-x86_64 | 0.1.1 | 19.00 | NOTE | |||
r-oldrel-windows-x86_64 | 0.1.1 | 2.00 | 38.00 | 40.00 | NOTE |
Version: 0.1.1
Check: LazyData
Result: NOTE
'LazyData' is specified without a 'data' directory
Flavors: r-devel-linux-x86_64-debian-clang, r-devel-linux-x86_64-debian-gcc, r-devel-linux-x86_64-fedora-clang, r-devel-linux-x86_64-fedora-gcc, r-devel-windows-x86_64, r-patched-linux-x86_64, r-release-linux-x86_64, r-release-macos-arm64, r-release-windows-x86_64, r-oldrel-macos-arm64, r-oldrel-macos-x86_64, r-oldrel-windows-x86_64