Last updated on 2024-05-13 03:49:38 CEST.
Flavor | Version | Tinstall | Tcheck | Ttotal | Status | Flags |
---|---|---|---|---|---|---|
r-devel-linux-x86_64-debian-clang | 1.1 | 2.31 | 26.93 | 29.24 | NOTE | |
r-devel-linux-x86_64-debian-gcc | 1.1 | 1.61 | 20.14 | 21.75 | NOTE | |
r-devel-linux-x86_64-fedora-clang | 1.1 | 35.87 | NOTE | |||
r-devel-linux-x86_64-fedora-gcc | 1.1 | 38.13 | NOTE | |||
r-devel-windows-x86_64 | 1.1 | 2.00 | 43.00 | 45.00 | NOTE | |
r-patched-linux-x86_64 | 1.1 | 2.22 | 26.02 | 28.24 | NOTE | |
r-release-linux-x86_64 | 1.1 | 2.31 | 25.07 | 27.38 | NOTE | |
r-release-macos-arm64 | 1.1 | 15.00 | NOTE | |||
r-release-windows-x86_64 | 1.1 | 2.00 | 40.00 | 42.00 | NOTE | |
r-oldrel-macos-arm64 | 1.1 | 18.00 | OK | |||
r-oldrel-macos-x86_64 | 1.1 | 22.00 | OK | |||
r-oldrel-windows-x86_64 | 1.1 | 4.00 | 41.00 | 45.00 | OK |
Version: 1.1
Check: Rd files
Result: NOTE
checkRd: (-1) dbivCMP.Rd:14: Lost braces; missing escapes or markup?
14 | \item{bivprob}{Bivariate probabilities, {p00, p01, p10, p11}.}
| ^
Flavors: r-devel-linux-x86_64-debian-clang, r-devel-linux-x86_64-debian-gcc, r-devel-linux-x86_64-fedora-clang, r-devel-linux-x86_64-fedora-gcc, r-devel-windows-x86_64, r-patched-linux-x86_64, r-release-linux-x86_64, r-release-macos-arm64, r-release-windows-x86_64