Last updated on 2024-05-13 03:49:39 CEST.
Flavor | Version | Tinstall | Tcheck | Ttotal | Status | Flags |
---|---|---|---|---|---|---|
r-devel-linux-x86_64-debian-clang | 1.22 | 8.91 | 42.85 | 51.76 | OK | |
r-devel-linux-x86_64-debian-gcc | 1.22 | 6.91 | 30.85 | 37.76 | OK | |
r-devel-linux-x86_64-fedora-clang | 1.22 | 66.81 | OK | |||
r-devel-linux-x86_64-fedora-gcc | 1.22 | 66.67 | OK | |||
r-devel-windows-x86_64 | 1.22 | 4.00 | 2.00 | 6.00 | ERROR | |
r-patched-linux-x86_64 | 1.22 | 8.43 | 39.64 | 48.07 | OK | |
r-release-linux-x86_64 | 1.22 | 9.43 | 40.11 | 49.54 | OK | |
r-release-macos-arm64 | 1.22 | 24.00 | NOTE | |||
r-release-windows-x86_64 | 1.22 | 4.00 | 2.00 | 6.00 | ERROR | |
r-oldrel-macos-arm64 | 1.22 | 31.00 | NOTE | |||
r-oldrel-macos-x86_64 | 1.22 | 66.00 | NOTE | |||
r-oldrel-windows-x86_64 | 1.22 | 23.00 | 208.00 | 231.00 | NOTE |
Version: 1.22
Check: whether package can be installed
Result: ERROR
Installation failed.
Flavors: r-devel-windows-x86_64, r-release-windows-x86_64
Version: 1.22
Check: installed package size
Result: NOTE
installed size is 6.0Mb
sub-directories of 1Mb or more:
libs 5.6Mb
Flavors: r-release-macos-arm64, r-oldrel-macos-arm64, r-oldrel-macos-x86_64, r-oldrel-windows-x86_64