Last updated on 2024-05-13 03:49:39 CEST.
Flavor | Version | Tinstall | Tcheck | Ttotal | Status | Flags |
---|---|---|---|---|---|---|
r-devel-linux-x86_64-debian-clang | 1.5.0 | 12.65 | 275.49 | 288.14 | OK | |
r-devel-linux-x86_64-debian-gcc | 1.5.0 | 10.22 | 206.12 | 216.34 | OK | |
r-devel-linux-x86_64-fedora-clang | 1.5.0 | 376.94 | NOTE | |||
r-devel-linux-x86_64-fedora-gcc | 1.5.0 | 396.78 | NOTE | |||
r-devel-windows-x86_64 | 1.5.0 | 12.00 | 209.00 | 221.00 | OK | |
r-patched-linux-x86_64 | 1.5.0 | 8.59 | 274.73 | 283.32 | OK | |
r-release-linux-x86_64 | 1.5.0 | 11.86 | 274.53 | 286.39 | OK | |
r-release-macos-arm64 | 1.5.0 | 113.00 | NOTE | |||
r-release-macos-x86_64 | 1.5.0 | 131.00 | NOTE | |||
r-release-windows-x86_64 | 1.5.0 | 12.00 | 208.00 | 220.00 | OK | |
r-oldrel-macos-arm64 | 1.5.0 | 89.00 | OK | |||
r-oldrel-macos-x86_64 | 1.5.0 | 126.00 | NOTE | |||
r-oldrel-windows-x86_64 | 1.5.0 | 16.00 | 250.00 | 266.00 | OK |
Version: 1.5.0
Check: data for non-ASCII characters
Result: NOTE
Note: found 1008 marked UTF-8 strings
Flavors: r-devel-linux-x86_64-fedora-clang, r-devel-linux-x86_64-fedora-gcc
Version: 1.5.0
Check: installed package size
Result: NOTE
installed size is 5.1Mb
sub-directories of 1Mb or more:
data 4.6Mb
Flavors: r-release-macos-arm64, r-release-macos-x86_64, r-oldrel-macos-x86_64