Last updated on 2024-05-11 03:52:01 CEST.
Flavor | Version | Tinstall | Tcheck | Ttotal | Status | Flags |
---|---|---|---|---|---|---|
r-devel-linux-x86_64-debian-clang | 0.3 | 67.06 | 429.78 | 496.84 | OK | |
r-devel-linux-x86_64-debian-gcc | 0.3 | 54.24 | 297.56 | 351.80 | OK | |
r-devel-linux-x86_64-fedora-clang | 0.3 | 620.84 | NOTE | |||
r-devel-linux-x86_64-fedora-gcc | 0.3 | 652.14 | OK | |||
r-devel-windows-x86_64 | 0.3 | 54.00 | 266.00 | 320.00 | NOTE | |
r-patched-linux-x86_64 | 0.3 | 48.57 | 392.46 | 441.03 | OK | |
r-release-linux-x86_64 | 0.3 | 45.32 | 400.84 | 446.16 | OK | |
r-release-macos-arm64 | 0.3 | 146.00 | NOTE | |||
r-release-windows-x86_64 | 0.3 | 54.00 | 264.00 | 318.00 | NOTE | |
r-oldrel-macos-arm64 | 0.3 | 187.00 | NOTE | |||
r-oldrel-macos-x86_64 | 0.3 | 316.00 | NOTE | |||
r-oldrel-windows-x86_64 | 0.3 | 70.00 | 322.00 | 392.00 | NOTE |
Version: 0.3
Check: installed package size
Result: NOTE
installed size is 6.2Mb
sub-directories of 1Mb or more:
doc 1.2Mb
extdata 3.7Mb
Flavors: r-devel-linux-x86_64-fedora-clang, r-devel-windows-x86_64, r-release-macos-arm64, r-release-windows-x86_64, r-oldrel-macos-arm64, r-oldrel-macos-x86_64, r-oldrel-windows-x86_64