Last updated on 2024-05-13 03:49:39 CEST.
Flavor | Version | Tinstall | Tcheck | Ttotal | Status | Flags |
---|---|---|---|---|---|---|
r-devel-linux-x86_64-debian-clang | 1.0.2 | 5.18 | 91.74 | 96.92 | OK | |
r-devel-linux-x86_64-debian-gcc | 1.0.2 | 3.16 | 64.12 | 67.28 | OK | |
r-devel-linux-x86_64-fedora-clang | 1.0.2 | 117.28 | NOTE | |||
r-devel-linux-x86_64-fedora-gcc | 1.0.2 | 130.92 | OK | |||
r-devel-windows-x86_64 | 1.0.2 | 5.00 | 78.00 | 83.00 | NOTE | |
r-patched-linux-x86_64 | 1.0.2 | 4.64 | 86.38 | 91.02 | OK | |
r-release-linux-x86_64 | 1.0.2 | 4.59 | 84.07 | 88.66 | OK | |
r-release-macos-arm64 | 1.0.2 | 42.00 | NOTE | |||
r-release-macos-x86_64 | 1.0.2 | 136.00 | NOTE | |||
r-release-windows-x86_64 | 1.0.2 | 5.00 | 80.00 | 85.00 | NOTE | |
r-oldrel-macos-arm64 | 1.0.2 | 44.00 | NOTE | |||
r-oldrel-macos-x86_64 | 1.0.2 | 103.00 | NOTE | |||
r-oldrel-windows-x86_64 | 1.0.2 | 6.00 | 94.00 | 100.00 | NOTE |
Version: 1.0.2
Check: installed package size
Result: NOTE
installed size is 5.7Mb
sub-directories of 1Mb or more:
doc 5.5Mb
Flavors: r-devel-linux-x86_64-fedora-clang, r-devel-windows-x86_64, r-release-macos-arm64, r-release-macos-x86_64, r-release-windows-x86_64, r-oldrel-macos-arm64, r-oldrel-macos-x86_64, r-oldrel-windows-x86_64