Last updated on 2024-05-11 03:52:02 CEST.
Flavor | Version | Tinstall | Tcheck | Ttotal | Status | Flags |
---|---|---|---|---|---|---|
r-devel-linux-x86_64-debian-clang | 1.1.2 | 6.56 | 53.81 | 60.37 | NOTE | |
r-devel-linux-x86_64-debian-gcc | 1.1.2 | 5.33 | 40.79 | 46.12 | NOTE | |
r-devel-linux-x86_64-fedora-clang | 1.1.2 | 75.99 | NOTE | |||
r-devel-linux-x86_64-fedora-gcc | 1.1.2 | 92.73 | NOTE | |||
r-devel-windows-x86_64 | 1.1.2 | 9.00 | 62.00 | 71.00 | NOTE | |
r-patched-linux-x86_64 | 1.1.2 | 12.35 | 50.87 | 63.22 | NOTE | |
r-release-linux-x86_64 | 1.1.2 | 6.90 | 50.78 | 57.68 | NOTE | |
r-release-macos-arm64 | 1.1.2 | 25.00 | NOTE | |||
r-release-windows-x86_64 | 1.1.2 | 6.00 | 61.00 | 67.00 | NOTE | |
r-oldrel-macos-arm64 | 1.1.2 | 27.00 | OK | |||
r-oldrel-macos-x86_64 | 1.1.2 | 36.00 | OK | |||
r-oldrel-windows-x86_64 | 1.1.2 | 9.00 | 65.00 | 74.00 | OK |
Version: 1.1.2
Check: Rd files
Result: NOTE
checkRd: (-1) set.data.Rd:14: Lost braces; missing escapes or markup?
14 | \item{shape}{either \code{wide} or {long}. Default \code{wide}. See Details.}
| ^
Flavors: r-devel-linux-x86_64-debian-clang, r-devel-linux-x86_64-debian-gcc, r-devel-linux-x86_64-fedora-clang, r-devel-linux-x86_64-fedora-gcc, r-devel-windows-x86_64, r-patched-linux-x86_64, r-release-linux-x86_64, r-release-macos-arm64, r-release-windows-x86_64