Last updated on 2024-05-13 03:49:40 CEST.
Flavor | Version | Tinstall | Tcheck | Ttotal | Status | Flags |
---|---|---|---|---|---|---|
r-devel-linux-x86_64-debian-clang | 1.2 | 1.65 | 16.64 | 18.29 | OK | |
r-devel-linux-x86_64-debian-gcc | 1.2 | 1.14 | 13.02 | 14.16 | OK | |
r-devel-linux-x86_64-fedora-clang | 1.2 | 23.54 | NOTE | |||
r-devel-linux-x86_64-fedora-gcc | 1.2 | 25.39 | NOTE | |||
r-devel-windows-x86_64 | 1.2 | 2.00 | 34.00 | 36.00 | OK | |
r-patched-linux-x86_64 | 1.2 | 1.64 | 15.99 | 17.63 | OK | |
r-release-linux-x86_64 | 1.2 | 1.26 | 16.00 | 17.26 | OK | |
r-release-macos-arm64 | 1.2 | 12.00 | OK | |||
r-release-windows-x86_64 | 1.2 | 2.00 | 33.00 | 35.00 | OK | |
r-oldrel-macos-arm64 | 1.2 | 15.00 | OK | |||
r-oldrel-macos-x86_64 | 1.2 | 16.00 | OK | |||
r-oldrel-windows-x86_64 | 1.2 | 2.00 | 31.00 | 33.00 | OK |
Version: 1.2
Check: data for non-ASCII characters
Result: NOTE
Note: found 3 marked UTF-8 strings
Flavors: r-devel-linux-x86_64-fedora-clang, r-devel-linux-x86_64-fedora-gcc