Last updated on 2024-05-11 15:49:13 CEST.
Flavor | Version | Tinstall | Tcheck | Ttotal | Status | Flags |
---|---|---|---|---|---|---|
r-devel-linux-x86_64-debian-clang | 0.4.0 | 150.80 | 72.92 | 223.72 | OK | |
r-devel-linux-x86_64-debian-gcc | 0.4.0 | 107.19 | 39.17 | 146.36 | OK | |
r-devel-linux-x86_64-fedora-gcc | 0.4.0 | 361.86 | OK | |||
r-devel-windows-x86_64 | 0.4.0 | 123.00 | 183.00 | 306.00 | NOTE | |
r-patched-linux-x86_64 | 0.4.0 | 139.20 | 51.79 | 190.99 | OK | |
r-release-linux-x86_64 | 0.4.0 | 137.25 | 50.88 | 188.13 | OK | |
r-release-macos-arm64 | 0.4.0 | 58.00 | NOTE | |||
r-release-windows-x86_64 | 0.4.0 | 122.00 | 176.00 | 298.00 | NOTE | |
r-oldrel-macos-arm64 | 0.4.0 | 74.00 | NOTE | |||
r-oldrel-macos-x86_64 | 0.4.0 | 92.00 | NOTE | |||
r-oldrel-windows-x86_64 | 0.4.0 | 116.00 | 214.00 | 330.00 | NOTE |
Version: 0.4.0
Check: installed package size
Result: NOTE
installed size is 30.3Mb
sub-directories of 1Mb or more:
libs 19.9Mb
share 10.2Mb
Flavors: r-devel-windows-x86_64, r-release-macos-arm64, r-release-windows-x86_64, r-oldrel-macos-arm64, r-oldrel-macos-x86_64, r-oldrel-windows-x86_64