Last updated on 2024-05-09 15:49:27 CEST.
Flavor | Version | Tinstall | Tcheck | Ttotal | Status | Flags |
---|---|---|---|---|---|---|
r-devel-linux-x86_64-debian-clang | 2.4.0 | 36.99 | 192.93 | 229.92 | OK | |
r-devel-linux-x86_64-debian-gcc | 2.4.0 | 34.91 | 139.05 | 173.96 | OK | |
r-devel-linux-x86_64-fedora-clang | 2.4.0 | 286.35 | NOTE | |||
r-devel-linux-x86_64-fedora-gcc | 2.4.0 | 318.10 | NOTE | |||
r-devel-windows-x86_64 | 2.4.0 | 52.00 | 239.00 | 291.00 | NOTE | |
r-patched-linux-x86_64 | 2.4.0 | 31.48 | 179.73 | 211.21 | OK | |
r-release-linux-x86_64 | 2.4.0 | 28.64 | 180.93 | 209.57 | OK | |
r-release-macos-arm64 | 2.4.0 | 89.00 | NOTE | |||
r-release-windows-x86_64 | 2.4.0 | 52.00 | 244.00 | 296.00 | NOTE | |
r-oldrel-macos-arm64 | 2.4.0 | 90.00 | NOTE | |||
r-oldrel-macos-x86_64 | 2.4.0 | 137.00 | NOTE | |||
r-oldrel-windows-x86_64 | 2.4.0 | 64.00 | 313.00 | 377.00 | NOTE |
Version: 2.4.0
Check: installed package size
Result: NOTE
installed size is 5.2Mb
sub-directories of 1Mb or more:
data 4.2Mb
Flavors: r-devel-linux-x86_64-fedora-clang, r-devel-windows-x86_64, r-release-macos-arm64, r-release-windows-x86_64, r-oldrel-macos-arm64, r-oldrel-macos-x86_64, r-oldrel-windows-x86_64
Version: 2.4.0
Check: data for non-ASCII characters
Result: NOTE
Note: found 2524 marked UTF-8 strings
Flavors: r-devel-linux-x86_64-fedora-clang, r-devel-linux-x86_64-fedora-gcc