Last updated on 2024-05-09 15:49:28 CEST.
Flavor | Version | Tinstall | Tcheck | Ttotal | Status | Flags |
---|---|---|---|---|---|---|
r-devel-linux-x86_64-debian-clang | 3.0-3 | 17.09 | 106.12 | 123.21 | OK | |
r-devel-linux-x86_64-debian-gcc | 3.0-3 | 11.36 | 76.72 | 88.08 | OK | |
r-devel-linux-x86_64-fedora-clang | 3.0-3 | 148.68 | NOTE | |||
r-devel-linux-x86_64-fedora-gcc | 3.0-3 | 192.24 | NOTE | |||
r-devel-windows-x86_64 | 3.0-3 | 18.00 | 108.00 | 126.00 | OK | |
r-patched-linux-x86_64 | 3.0-3 | 19.79 | 99.10 | 118.89 | OK | |
r-release-linux-x86_64 | 3.0-3 | 14.71 | 99.85 | 114.56 | OK | |
r-release-macos-arm64 | 3.0-3 | 54.00 | OK | |||
r-release-windows-x86_64 | 3.0-3 | 18.00 | 107.00 | 125.00 | OK | |
r-oldrel-macos-arm64 | 3.0-3 | 57.00 | OK | |||
r-oldrel-macos-x86_64 | 3.0-3 | 81.00 | OK | |||
r-oldrel-windows-x86_64 | 3.0-3 | 22.00 | 124.00 | 146.00 | OK |
Version: 3.0-3
Check: Rd cross-references
Result: NOTE
Undeclared package ‘vegan’ in Rd xrefs
Flavor: r-devel-linux-x86_64-fedora-clang
Version: 3.0-3
Check: compiled code
Result: NOTE
File ‘optpart/libs/optpart.so’:
Found no calls to: ‘R_registerRoutines’, ‘R_useDynamicSymbols’
It is good practice to register native routines and to disable symbol
search.
See ‘Writing portable packages’ in the ‘Writing R Extensions’ manual.
Flavors: r-devel-linux-x86_64-fedora-clang, r-devel-linux-x86_64-fedora-gcc