Last updated on 2024-05-09 15:49:28 CEST.
Flavor | Version | Tinstall | Tcheck | Ttotal | Status | Flags |
---|---|---|---|---|---|---|
r-devel-linux-x86_64-debian-clang | 0.1.4 | 64.26 | 281.05 | 345.31 | NOTE | |
r-devel-linux-x86_64-debian-gcc | 0.1.4 | 43.22 | 187.95 | 231.17 | NOTE | |
r-devel-linux-x86_64-fedora-clang | 0.1.4 | 463.54 | NOTE | |||
r-devel-linux-x86_64-fedora-gcc | 0.1.4 | 530.11 | NOTE | |||
r-devel-windows-x86_64 | 0.1.4 | 45.00 | 204.00 | 249.00 | NOTE | |
r-patched-linux-x86_64 | 0.1.4 | 58.22 | 288.11 | 346.33 | NOTE | |
r-release-linux-x86_64 | 0.1.4 | 54.93 | 271.21 | 326.14 | NOTE | |
r-release-macos-arm64 | 0.1.4 | 96.00 | NOTE | |||
r-release-windows-x86_64 | 0.1.4 | 48.00 | 205.00 | 253.00 | NOTE | |
r-oldrel-macos-arm64 | 0.1.4 | 113.00 | OK | |||
r-oldrel-macos-x86_64 | 0.1.4 | 189.00 | OK | |||
r-oldrel-windows-x86_64 | 0.1.4 | 61.00 | 251.00 | 312.00 | OK |
Version: 0.1.4
Check: Rd files
Result: NOTE
checkRd: (-1) orf.Rd:74: Lost braces
74 | matrix of covariates \code{X} and a vector of outcomes 'code{Y} to the \code{orf}
| ^
Flavors: r-devel-linux-x86_64-debian-clang, r-devel-linux-x86_64-debian-gcc, r-devel-linux-x86_64-fedora-clang, r-devel-linux-x86_64-fedora-gcc, r-devel-windows-x86_64, r-patched-linux-x86_64, r-release-linux-x86_64, r-release-macos-arm64, r-release-windows-x86_64