Last updated on 2024-05-11 03:52:04 CEST.
Flavor | Version | Tinstall | Tcheck | Ttotal | Status | Flags |
---|---|---|---|---|---|---|
r-devel-linux-x86_64-debian-clang | 3.1.1 | 3.53 | 25.29 | 28.82 | OK | |
r-devel-linux-x86_64-debian-gcc | 3.1.1 | 3.07 | 19.37 | 22.44 | OK | |
r-devel-linux-x86_64-fedora-clang | 3.1.1 | 36.38 | NOTE | |||
r-devel-linux-x86_64-fedora-gcc | 3.1.1 | 40.98 | NOTE | |||
r-devel-windows-x86_64 | 3.1.1 | 6.00 | 41.00 | 47.00 | OK | |
r-patched-linux-x86_64 | 3.1.1 | 4.18 | 24.61 | 28.79 | OK | |
r-release-linux-x86_64 | 3.1.1 | 3.03 | 24.29 | 27.32 | OK | |
r-release-macos-arm64 | 3.1.1 | 18.00 | OK | |||
r-release-windows-x86_64 | 3.1.1 | 6.00 | 39.00 | 45.00 | OK | |
r-oldrel-macos-arm64 | 3.1.1 | 16.00 | OK | |||
r-oldrel-macos-x86_64 | 3.1.1 | 22.00 | OK | |||
r-oldrel-windows-x86_64 | 3.1.1 | 7.00 | 41.00 | 48.00 | OK |
Version: 3.1.1
Check: compiled code
Result: NOTE
File ‘pRSR/libs/pRSR.so’:
Found no calls to: ‘R_registerRoutines’, ‘R_useDynamicSymbols’
It is good practice to register native routines and to disable symbol
search.
See ‘Writing portable packages’ in the ‘Writing R Extensions’ manual.
Flavors: r-devel-linux-x86_64-fedora-clang, r-devel-linux-x86_64-fedora-gcc