Last updated on 2024-05-11 03:52:03 CEST.
Flavor | Version | Tinstall | Tcheck | Ttotal | Status | Flags |
---|---|---|---|---|---|---|
r-devel-linux-x86_64-debian-clang | 1.2-4 | 7.11 | 96.44 | 103.55 | NOTE | |
r-devel-linux-x86_64-debian-gcc | 1.2-4 | 7.52 | 72.25 | 79.77 | NOTE | |
r-devel-linux-x86_64-fedora-clang | 1.2-4 | 129.72 | NOTE | |||
r-devel-linux-x86_64-fedora-gcc | 1.2-4 | 194.24 | NOTE | |||
r-devel-windows-x86_64 | 1.2-4 | 8.00 | 113.00 | 121.00 | NOTE | |
r-patched-linux-x86_64 | 1.2-4 | 8.48 | 92.66 | 101.14 | NOTE | |
r-release-linux-x86_64 | 1.2-4 | 8.15 | 89.95 | 98.10 | NOTE | |
r-release-macos-arm64 | 1.2-4 | 46.00 | NOTE | |||
r-release-windows-x86_64 | 1.2-4 | 8.00 | 109.00 | 117.00 | NOTE | |
r-oldrel-macos-arm64 | 1.2-4 | 56.00 | OK | |||
r-oldrel-macos-x86_64 | 1.2-4 | 122.00 | OK | |||
r-oldrel-windows-x86_64 | 1.2-4 | 12.00 | 117.00 | 129.00 | OK |
Version: 1.2-4
Check: Rd files
Result: NOTE
checkRd: (-1) returns.Rd:21: Lost braces; missing escapes or markup?
21 | \item{...}{Other options including {type} which refers to the
| ^
Flavors: r-devel-linux-x86_64-debian-clang, r-devel-linux-x86_64-debian-gcc, r-devel-linux-x86_64-fedora-clang, r-devel-linux-x86_64-fedora-gcc, r-devel-windows-x86_64, r-patched-linux-x86_64, r-release-linux-x86_64, r-release-macos-arm64, r-release-windows-x86_64