Last updated on 2024-05-13 03:49:41 CEST.
Flavor | Version | Tinstall | Tcheck | Ttotal | Status | Flags |
---|---|---|---|---|---|---|
r-devel-linux-x86_64-debian-clang | 0.7.8 | 20.50 | 327.20 | 347.70 | OK | |
r-devel-linux-x86_64-debian-gcc | 0.7.8 | 16.42 | 234.64 | 251.06 | OK | |
r-devel-linux-x86_64-fedora-clang | 0.7.8 | 412.82 | NOTE | |||
r-devel-linux-x86_64-fedora-gcc | 0.7.8 | 474.37 | OK | |||
r-devel-windows-x86_64 | 0.7.8 | 17.00 | 232.00 | 249.00 | OK | |
r-patched-linux-x86_64 | 0.7.8 | 18.33 | 309.06 | 327.39 | OK | |
r-release-linux-x86_64 | 0.7.8 | 14.47 | 311.28 | 325.75 | OK | |
r-release-macos-arm64 | 0.7.8 | 96.00 | OK | |||
r-release-windows-x86_64 | 0.7.8 | 16.00 | 231.00 | 247.00 | OK | |
r-oldrel-macos-arm64 | 0.7.8 | 120.00 | OK | |||
r-oldrel-macos-x86_64 | 0.7.8 | 280.00 | OK | |||
r-oldrel-windows-x86_64 | 0.7.8 | 23.00 | 303.00 | 326.00 | OK |
Version: 0.7.8
Check: Rd cross-references
Result: NOTE
Undeclared package ‘AER’ in Rd xrefs
Flavor: r-devel-linux-x86_64-fedora-clang