Last updated on 2024-05-13 03:49:41 CEST.
Flavor | Version | Tinstall | Tcheck | Ttotal | Status | Flags |
---|---|---|---|---|---|---|
r-devel-linux-x86_64-debian-clang | 1.4 | 297.82 | 38.95 | 336.77 | OK | |
r-devel-linux-x86_64-debian-gcc | 1.4 | 232.92 | 29.06 | 261.98 | OK | |
r-devel-linux-x86_64-fedora-clang | 1.4 | 504.53 | OK | |||
r-devel-linux-x86_64-fedora-gcc | 1.4 | 673.35 | OK | |||
r-devel-windows-x86_64 | 1.4 | 214.00 | 90.00 | 304.00 | OK | |
r-patched-linux-x86_64 | 1.4 | 296.44 | 38.61 | 335.05 | OK | |
r-release-linux-x86_64 | 1.4 | 303.74 | 36.30 | 340.04 | OK | |
r-release-macos-arm64 | 1.4 | 94.00 | NOTE | |||
r-release-windows-x86_64 | 1.4 | 219.00 | 83.00 | 302.00 | OK | |
r-oldrel-macos-arm64 | 1.4 | 110.00 | NOTE | |||
r-oldrel-macos-x86_64 | 1.4 | 150.00 | NOTE | |||
r-oldrel-windows-x86_64 | 1.4 | 197.00 | 99.00 | 296.00 | OK |
Version: 1.4
Check: installed package size
Result: NOTE
installed size is 16.6Mb
sub-directories of 1Mb or more:
libs 16.2Mb
Flavors: r-release-macos-arm64, r-oldrel-macos-arm64, r-oldrel-macos-x86_64