Last updated on 2024-05-11 15:49:14 CEST.
Flavor | Version | Tinstall | Tcheck | Ttotal | Status | Flags |
---|---|---|---|---|---|---|
r-devel-linux-x86_64-debian-clang | 1.2.7 | 11.79 | 118.17 | 129.96 | NOTE | |
r-devel-linux-x86_64-debian-gcc | 1.2.7 | 10.28 | 85.15 | 95.43 | NOTE | |
r-devel-linux-x86_64-fedora-clang | 1.2.7 | 155.46 | NOTE | |||
r-devel-linux-x86_64-fedora-gcc | 1.2.7 | 206.38 | NOTE | |||
r-devel-windows-x86_64 | 1.2.7 | 14.00 | 115.00 | 129.00 | NOTE | |
r-patched-linux-x86_64 | 1.2.7 | 15.61 | 110.44 | 126.05 | NOTE | |
r-release-linux-x86_64 | 1.2.7 | 10.82 | 109.80 | 120.62 | NOTE | |
r-release-macos-arm64 | 1.2.7 | 45.00 | NOTE | |||
r-release-windows-x86_64 | 1.2.7 | 14.00 | 112.00 | 126.00 | NOTE | |
r-oldrel-macos-arm64 | 1.2.7 | 57.00 | OK | |||
r-oldrel-macos-x86_64 | 1.2.7 | 93.00 | OK | |||
r-oldrel-windows-x86_64 | 1.2.7 | 16.00 | 134.00 | 150.00 | OK |
Version: 1.2.7
Check: Rd files
Result: NOTE
checkRd: (-1) summary.parsec.Rd:13-14: Lost braces in \itemize; meant \describe ?
Flavors: r-devel-linux-x86_64-debian-clang, r-devel-linux-x86_64-debian-gcc, r-devel-linux-x86_64-fedora-clang, r-devel-linux-x86_64-fedora-gcc, r-devel-windows-x86_64, r-patched-linux-x86_64, r-release-linux-x86_64, r-release-macos-arm64, r-release-windows-x86_64