Last updated on 2024-05-13 03:49:41 CEST.
Flavor | Version | Tinstall | Tcheck | Ttotal | Status | Flags |
---|---|---|---|---|---|---|
r-devel-linux-x86_64-debian-clang | 1.0.3 | 10.21 | 29.94 | 40.15 | OK | |
r-devel-linux-x86_64-debian-gcc | 1.0.3 | 13.63 | 23.46 | 37.09 | OK | |
r-devel-linux-x86_64-fedora-clang | 1.0.3 | 50.59 | NOTE | |||
r-devel-linux-x86_64-fedora-gcc | 1.0.3 | 68.30 | NOTE | |||
r-devel-windows-x86_64 | 1.0.3 | 15.00 | 53.00 | 68.00 | OK | |
r-patched-linux-x86_64 | 1.0.3 | 15.32 | 28.67 | 43.99 | OK | |
r-release-linux-x86_64 | 1.0.3 | 15.05 | 29.50 | 44.55 | OK | |
r-release-macos-arm64 | 1.0.3 | 50.00 | OK | |||
r-release-windows-x86_64 | 1.0.3 | 17.00 | 49.00 | 66.00 | OK | |
r-oldrel-macos-arm64 | 1.0.3 | 62.00 | OK | |||
r-oldrel-macos-x86_64 | 1.0.3 | 33.00 | OK | |||
r-oldrel-windows-x86_64 | 1.0.3 | 19.00 | 51.00 | 70.00 | OK |
Version: 1.0.3
Check: compiled code
Result: NOTE
File ‘pdc/libs/pdc.so’:
Found no calls to: ‘R_registerRoutines’, ‘R_useDynamicSymbols’
It is good practice to register native routines and to disable symbol
search.
See ‘Writing portable packages’ in the ‘Writing R Extensions’ manual.
Flavors: r-devel-linux-x86_64-fedora-clang, r-devel-linux-x86_64-fedora-gcc