Last updated on 2024-05-13 03:49:41 CEST.
Flavor | Version | Tinstall | Tcheck | Ttotal | Status | Flags |
---|---|---|---|---|---|---|
r-devel-linux-x86_64-debian-clang | 1.0-4 | 8.80 | 59.21 | 68.01 | OK | |
r-devel-linux-x86_64-debian-gcc | 1.0-4 | 5.48 | 45.09 | 50.57 | OK | |
r-devel-linux-x86_64-fedora-clang | 1.0-4 | 86.11 | NOTE | |||
r-devel-linux-x86_64-fedora-gcc | 1.0-4 | 136.76 | OK | |||
r-devel-windows-x86_64 | 1.0-4 | 10.00 | 70.00 | 80.00 | OK | |
r-patched-linux-x86_64 | 1.0-4 | 10.26 | 56.82 | 67.08 | OK | |
r-release-linux-x86_64 | 1.0-4 | 8.16 | 57.62 | 65.78 | OK | |
r-release-macos-arm64 | 1.0-4 | 28.00 | OK | |||
r-release-windows-x86_64 | 1.0-4 | 11.00 | 70.00 | 81.00 | OK | |
r-oldrel-macos-arm64 | 1.0-4 | 29.00 | OK | |||
r-oldrel-macos-x86_64 | 1.0-4 | 47.00 | OK | |||
r-oldrel-windows-x86_64 | 1.0-4 | 13.00 | 80.00 | 93.00 | OK |
Version: 1.0-4
Check: Rd cross-references
Result: NOTE
Undeclared packages ‘sm’, ‘spdep’ in Rd xrefs
Flavor: r-devel-linux-x86_64-fedora-clang