Last updated on 2024-05-11 03:52:03 CEST.
Flavor | Version | Tinstall | Tcheck | Ttotal | Status | Flags |
---|---|---|---|---|---|---|
r-devel-linux-x86_64-debian-clang | 0.4.0 | 2.98 | 81.87 | 84.85 | NOTE | |
r-devel-linux-x86_64-debian-gcc | 0.4.0 | 2.47 | 62.20 | 64.67 | NOTE | |
r-devel-linux-x86_64-fedora-clang | 0.4.0 | 105.53 | NOTE | |||
r-devel-linux-x86_64-fedora-gcc | 0.4.0 | 135.88 | NOTE | |||
r-devel-windows-x86_64 | 0.4.0 | 4.00 | 76.00 | 80.00 | NOTE | |
r-patched-linux-x86_64 | 0.4.0 | 3.73 | 79.22 | 82.95 | NOTE | |
r-release-linux-x86_64 | 0.4.0 | 3.59 | 79.39 | 82.98 | NOTE | |
r-release-macos-arm64 | 0.4.0 | 37.00 | NOTE | |||
r-release-windows-x86_64 | 0.4.0 | 4.00 | 75.00 | 79.00 | NOTE | |
r-oldrel-macos-arm64 | 0.4.0 | 44.00 | NOTE | |||
r-oldrel-macos-x86_64 | 0.4.0 | 64.00 | NOTE | |||
r-oldrel-windows-x86_64 | 0.4.0 | 5.00 | 80.00 | 85.00 | NOTE |
Version: 0.4.0
Check: LazyData
Result: NOTE
'LazyData' is specified without a 'data' directory
Flavors: r-devel-linux-x86_64-debian-clang, r-devel-linux-x86_64-debian-gcc, r-devel-linux-x86_64-fedora-clang, r-devel-linux-x86_64-fedora-gcc, r-devel-windows-x86_64, r-patched-linux-x86_64, r-release-linux-x86_64, r-release-macos-arm64, r-release-windows-x86_64, r-oldrel-macos-arm64, r-oldrel-macos-x86_64, r-oldrel-windows-x86_64