Last updated on 2024-05-09 15:49:28 CEST.
Flavor | Version | Tinstall | Tcheck | Ttotal | Status | Flags |
---|---|---|---|---|---|---|
r-devel-linux-x86_64-debian-clang | 1.0.2 | 1.68 | 27.46 | 29.14 | NOTE | |
r-devel-linux-x86_64-debian-gcc | 1.0.2 | 1.53 | 21.19 | 22.72 | NOTE | |
r-devel-linux-x86_64-fedora-clang | 1.0.2 | 37.83 | NOTE | |||
r-devel-linux-x86_64-fedora-gcc | 1.0.2 | 53.52 | NOTE | |||
r-devel-windows-x86_64 | 1.0.2 | 3.00 | 43.00 | 46.00 | NOTE | |
r-patched-linux-x86_64 | 1.0.2 | 2.06 | 26.13 | 28.19 | NOTE | |
r-release-linux-x86_64 | 1.0.2 | 1.66 | 26.51 | 28.17 | NOTE | |
r-release-macos-arm64 | 1.0.2 | 20.00 | NOTE | |||
r-release-windows-x86_64 | 1.0.2 | 3.00 | 43.00 | 46.00 | NOTE | |
r-oldrel-macos-arm64 | 1.0.2 | 25.00 | NOTE | |||
r-oldrel-macos-x86_64 | 1.0.2 | 34.00 | NOTE | |||
r-oldrel-windows-x86_64 | 1.0.2 | 3.00 | 42.00 | 45.00 | NOTE |
Version: 1.0.2
Check: LazyData
Result: NOTE
'LazyData' is specified without a 'data' directory
Flavors: r-devel-linux-x86_64-debian-clang, r-devel-linux-x86_64-debian-gcc, r-devel-linux-x86_64-fedora-clang, r-devel-linux-x86_64-fedora-gcc, r-devel-windows-x86_64, r-patched-linux-x86_64, r-release-linux-x86_64, r-release-macos-arm64, r-release-windows-x86_64, r-oldrel-macos-arm64, r-oldrel-macos-x86_64, r-oldrel-windows-x86_64