Last updated on 2024-05-13 03:49:42 CEST.
Flavor | Version | Tinstall | Tcheck | Ttotal | Status | Flags |
---|---|---|---|---|---|---|
r-devel-linux-x86_64-debian-clang | 0.0.1 | 1.86 | 22.56 | 24.42 | NOTE | |
r-devel-linux-x86_64-debian-gcc | 0.0.1 | 1.86 | 17.97 | 19.83 | NOTE | |
r-devel-linux-x86_64-fedora-clang | 0.0.1 | 32.32 | NOTE | |||
r-devel-linux-x86_64-fedora-gcc | 0.0.1 | 36.70 | NOTE | |||
r-devel-windows-x86_64 | 0.0.1 | 4.00 | 39.00 | 43.00 | NOTE | |
r-patched-linux-x86_64 | 0.0.1 | 1.76 | 22.52 | 24.28 | NOTE | |
r-release-linux-x86_64 | 0.0.1 | 1.63 | 22.12 | 23.75 | NOTE | |
r-release-macos-arm64 | 0.0.1 | 15.00 | NOTE | |||
r-release-windows-x86_64 | 0.0.1 | 3.00 | 39.00 | 42.00 | NOTE | |
r-oldrel-macos-arm64 | 0.0.1 | 17.00 | NOTE | |||
r-oldrel-macos-x86_64 | 0.0.1 | 22.00 | NOTE | |||
r-oldrel-windows-x86_64 | 0.0.1 | 4.00 | 38.00 | 42.00 | NOTE |
Version: 0.0.1
Check: LazyData
Result: NOTE
'LazyData' is specified without a 'data' directory
Flavors: r-devel-linux-x86_64-debian-clang, r-devel-linux-x86_64-debian-gcc, r-devel-linux-x86_64-fedora-clang, r-devel-linux-x86_64-fedora-gcc, r-devel-windows-x86_64, r-patched-linux-x86_64, r-release-linux-x86_64, r-release-macos-arm64, r-release-windows-x86_64, r-oldrel-macos-arm64, r-oldrel-macos-x86_64, r-oldrel-windows-x86_64