Last updated on 2024-05-13 03:49:42 CEST.
Flavor | Version | Tinstall | Tcheck | Ttotal | Status | Flags |
---|---|---|---|---|---|---|
r-devel-linux-x86_64-debian-clang | 1.2 | 18.44 | 225.60 | 244.04 | NOTE | |
r-devel-linux-x86_64-debian-gcc | 1.2 | 17.09 | 164.23 | 181.32 | NOTE | |
r-devel-linux-x86_64-fedora-clang | 1.2 | 304.53 | NOTE | |||
r-devel-linux-x86_64-fedora-gcc | 1.2 | 366.35 | NOTE | |||
r-devel-windows-x86_64 | 1.2 | 19.00 | 205.00 | 224.00 | NOTE | |
r-patched-linux-x86_64 | 1.2 | 15.71 | 216.24 | 231.95 | NOTE | |
r-release-linux-x86_64 | 1.2 | 14.81 | 221.44 | 236.25 | NOTE | |
r-release-macos-arm64 | 1.2 | 89.00 | NOTE | |||
r-release-windows-x86_64 | 1.2 | 20.00 | 204.00 | 224.00 | NOTE | |
r-oldrel-macos-arm64 | 1.2 | 91.00 | OK | |||
r-oldrel-macos-x86_64 | 1.2 | 192.00 | OK | |||
r-oldrel-windows-x86_64 | 1.2 | 24.00 | 240.00 | 264.00 | OK |
Version: 1.2
Check: Rd files
Result: NOTE
checkRd: (-1) plgraphics-internal.Rd:19: Lost braces
19 | \item{RNAMES}{code{row.names} if \code{x} is a matrix or data.frame,
| ^
Flavors: r-devel-linux-x86_64-debian-clang, r-devel-linux-x86_64-debian-gcc, r-devel-linux-x86_64-fedora-clang, r-devel-linux-x86_64-fedora-gcc, r-devel-windows-x86_64, r-patched-linux-x86_64, r-release-linux-x86_64, r-release-macos-arm64, r-release-windows-x86_64