Last updated on 2024-05-13 03:49:42 CEST.
Flavor | Version | Tinstall | Tcheck | Ttotal | Status | Flags |
---|---|---|---|---|---|---|
r-devel-linux-x86_64-debian-clang | 1.0.2 | 1.69 | 19.88 | 21.57 | NOTE | |
r-devel-linux-x86_64-debian-gcc | 1.0.2 | 1.57 | 15.32 | 16.89 | NOTE | |
r-devel-linux-x86_64-fedora-clang | 1.0.2 | 27.11 | NOTE | |||
r-devel-linux-x86_64-fedora-gcc | 1.0.2 | 29.04 | NOTE | |||
r-devel-windows-x86_64 | 1.0.2 | 2.00 | 35.00 | 37.00 | NOTE | |
r-patched-linux-x86_64 | 1.0.2 | 2.09 | 18.60 | 20.69 | NOTE | |
r-release-linux-x86_64 | 1.0.2 | 1.60 | 19.02 | 20.62 | NOTE | |
r-release-macos-arm64 | 1.0.2 | 14.00 | NOTE | |||
r-release-windows-x86_64 | 1.0.2 | 2.00 | 35.00 | 37.00 | NOTE | |
r-oldrel-macos-arm64 | 1.0.2 | 17.00 | NOTE | |||
r-oldrel-macos-x86_64 | 1.0.2 | 19.00 | NOTE | |||
r-oldrel-windows-x86_64 | 1.0.2 | 3.00 | 34.00 | 37.00 | NOTE |
Version: 1.0.2
Check: LazyData
Result: NOTE
'LazyData' is specified without a 'data' directory
Flavors: r-devel-linux-x86_64-debian-clang, r-devel-linux-x86_64-debian-gcc, r-devel-linux-x86_64-fedora-clang, r-devel-linux-x86_64-fedora-gcc, r-devel-windows-x86_64, r-patched-linux-x86_64, r-release-linux-x86_64, r-release-macos-arm64, r-release-windows-x86_64, r-oldrel-macos-arm64, r-oldrel-macos-x86_64, r-oldrel-windows-x86_64