Last updated on 2024-05-13 03:49:42 CEST.
Flavor | Version | Tinstall | Tcheck | Ttotal | Status | Flags |
---|---|---|---|---|---|---|
r-devel-linux-x86_64-debian-clang | 0.3-5 | 6.75 | 62.66 | 69.41 | NOTE | |
r-devel-linux-x86_64-debian-gcc | 0.3-5 | 6.18 | 46.66 | 52.84 | NOTE | |
r-devel-linux-x86_64-fedora-clang | 0.3-5 | 86.03 | NOTE | |||
r-devel-linux-x86_64-fedora-gcc | 0.3-5 | 130.86 | NOTE | |||
r-devel-windows-x86_64 | 0.3-5 | 8.00 | 68.00 | 76.00 | NOTE | |
r-patched-linux-x86_64 | 0.3-5 | 6.99 | 58.62 | 65.61 | NOTE | |
r-release-linux-x86_64 | 0.3-5 | 8.49 | 59.03 | 67.52 | NOTE | |
r-release-macos-arm64 | 0.3-5 | 27.00 | NOTE | |||
r-release-windows-x86_64 | 0.3-5 | 9.00 | 68.00 | 77.00 | NOTE | |
r-oldrel-macos-arm64 | 0.3-5 | 29.00 | OK | |||
r-oldrel-macos-x86_64 | 0.3-5 | 42.00 | OK | |||
r-oldrel-windows-x86_64 | 0.3-5 | 10.00 | 74.00 | 84.00 | OK |
Version: 0.3-5
Check: Rd files
Result: NOTE
checkRd: (-1) PS.Rd:9: Lost braces
9 | \item{CD}{}{Character disorder scale score}
| ^
Flavors: r-devel-linux-x86_64-debian-clang, r-devel-linux-x86_64-debian-gcc, r-devel-linux-x86_64-fedora-clang, r-devel-linux-x86_64-fedora-gcc, r-devel-windows-x86_64, r-patched-linux-x86_64, r-release-linux-x86_64, r-release-macos-arm64, r-release-windows-x86_64