Last updated on 2024-05-11 03:52:05 CEST.
Flavor | Version | Tinstall | Tcheck | Ttotal | Status | Flags |
---|---|---|---|---|---|---|
r-devel-linux-x86_64-debian-clang | 0.9.7 | 84.90 | 270.15 | 355.05 | OK | |
r-devel-linux-x86_64-debian-gcc | 0.9.7 | 72.59 | 212.57 | 285.16 | OK | |
r-devel-linux-x86_64-fedora-clang | 0.9.7 | 461.72 | NOTE | |||
r-devel-linux-x86_64-fedora-gcc | 0.9.7 | 612.33 | NOTE | |||
r-devel-windows-x86_64 | 0.9.7 | 68.00 | 251.00 | 319.00 | NOTE | |
r-patched-linux-x86_64 | 0.9.7 | 94.58 | 261.29 | 355.87 | OK | |
r-release-linux-x86_64 | 0.9.7 | 93.69 | 258.67 | 352.36 | OK | |
r-release-macos-arm64 | 0.9.7 | 152.00 | NOTE | |||
r-release-macos-x86_64 | 0.9.7 | 450.00 | NOTE | |||
r-release-windows-x86_64 | 0.9.7 | 69.00 | 254.00 | 323.00 | NOTE | |
r-oldrel-macos-arm64 | 0.9.7 | 155.00 | NOTE | |||
r-oldrel-macos-x86_64 | 0.9.7 | 369.00 | NOTE | |||
r-oldrel-windows-x86_64 | 0.9.7 | 90.00 | 313.00 | 403.00 | NOTE |
Version: 0.9.7
Check: data for non-ASCII characters
Result: NOTE
Note: found 35707 marked UTF-8 strings
Flavors: r-devel-linux-x86_64-fedora-clang, r-devel-linux-x86_64-fedora-gcc
Version: 0.9.7
Check: installed package size
Result: NOTE
installed size is 5.3Mb
sub-directories of 1Mb or more:
data 3.8Mb
libs 1.1Mb
Flavors: r-devel-windows-x86_64, r-release-macos-arm64, r-release-macos-x86_64, r-release-windows-x86_64, r-oldrel-macos-arm64, r-oldrel-macos-x86_64, r-oldrel-windows-x86_64