Last updated on 2024-05-11 03:52:05 CEST.
Flavor | Version | Tinstall | Tcheck | Ttotal | Status | Flags |
---|---|---|---|---|---|---|
r-devel-linux-x86_64-debian-clang | 0.5.0 | 3.74 | 36.87 | 40.61 | OK | |
r-devel-linux-x86_64-debian-gcc | 0.5.0 | 2.99 | 27.86 | 30.85 | OK | |
r-devel-linux-x86_64-fedora-clang | 0.5.0 | 49.08 | NOTE | |||
r-devel-linux-x86_64-fedora-gcc | 0.5.0 | 71.55 | NOTE | |||
r-devel-windows-x86_64 | 0.5.0 | 6.00 | 53.00 | 59.00 | OK | |
r-patched-linux-x86_64 | 0.5.0 | 3.35 | 35.68 | 39.03 | OK | |
r-release-linux-x86_64 | 0.5.0 | 3.17 | 34.54 | 37.71 | OK | |
r-release-macos-arm64 | 0.5.0 | 21.00 | OK | |||
r-release-macos-x86_64 | 0.5.0 | 52.00 | OK | |||
r-release-windows-x86_64 | 0.5.0 | 6.00 | 53.00 | 59.00 | OK | |
r-oldrel-macos-arm64 | 0.5.0 | 25.00 | OK | |||
r-oldrel-macos-x86_64 | 0.5.0 | 49.00 | OK | |||
r-oldrel-windows-x86_64 | 0.5.0 | 7.00 | 58.00 | 65.00 | OK |
Version: 0.5.0
Check: data for non-ASCII characters
Result: NOTE
Note: found 7 marked UTF-8 strings
Flavors: r-devel-linux-x86_64-fedora-clang, r-devel-linux-x86_64-fedora-gcc