Last updated on 2024-05-09 15:49:32 CEST.
Flavor | Version | Tinstall | Tcheck | Ttotal | Status | Flags |
---|---|---|---|---|---|---|
r-devel-linux-x86_64-debian-clang | 0.54.1 | 10.28 | 80.94 | 91.22 | NOTE | |
r-devel-linux-x86_64-debian-gcc | 0.54.1 | 9.88 | 59.14 | 69.02 | NOTE | |
r-devel-linux-x86_64-fedora-clang | 0.54.1 | 124.73 | NOTE | |||
r-devel-linux-x86_64-fedora-gcc | 0.54.1 | 164.46 | NOTE | |||
r-devel-windows-x86_64 | 0.54.1 | 11.00 | 86.00 | 97.00 | NOTE | |
r-patched-linux-x86_64 | 0.54.1 | 12.25 | 75.60 | 87.85 | NOTE | |
r-release-linux-x86_64 | 0.54.1 | 10.75 | 74.80 | 85.55 | NOTE | |
r-release-macos-arm64 | 0.54.1 | 31.00 | NOTE | |||
r-release-macos-x86_64 | 0.54.1 | 67.00 | NOTE | |||
r-release-windows-x86_64 | 0.54.1 | 12.00 | 86.00 | 98.00 | NOTE | |
r-oldrel-macos-arm64 | 0.54.1 | 10.00 | ERROR | |||
r-oldrel-macos-x86_64 | 0.54.1 | 7.00 | ERROR | |||
r-oldrel-windows-x86_64 | 0.54.1 | 14.00 | 97.00 | 111.00 | NOTE |
Version: 0.54.1
Check: package subdirectories
Result: NOTE
Problems with news in ‘NEWS.md’:
No news entries found.
Flavors: r-devel-linux-x86_64-debian-clang, r-devel-linux-x86_64-debian-gcc, r-devel-linux-x86_64-fedora-clang, r-devel-linux-x86_64-fedora-gcc, r-devel-windows-x86_64, r-patched-linux-x86_64, r-release-linux-x86_64, r-release-macos-arm64, r-release-macos-x86_64, r-release-windows-x86_64, r-oldrel-windows-x86_64
Version: 0.54.1
Check: package dependencies
Result: ERROR
Package required but not available: ‘rhdf5’
See section ‘The DESCRIPTION file’ in the ‘Writing R Extensions’
manual.
Flavors: r-oldrel-macos-arm64, r-oldrel-macos-x86_64