Last updated on 2024-05-11 15:49:18 CEST.
Flavor | Version | Tinstall | Tcheck | Ttotal | Status | Flags |
---|---|---|---|---|---|---|
r-devel-linux-x86_64-debian-clang | 0.1.2 | 8.02 | 66.02 | 74.04 | NOTE | |
r-devel-linux-x86_64-debian-gcc | 0.1.2 | 6.24 | 48.89 | 55.13 | NOTE | |
r-devel-linux-x86_64-fedora-clang | 0.1.2 | 88.96 | NOTE | |||
r-devel-linux-x86_64-fedora-gcc | 0.1.2 | 137.45 | NOTE | |||
r-devel-windows-x86_64 | 0.1.2 | 7.00 | 73.00 | 80.00 | NOTE | |
r-patched-linux-x86_64 | 0.1.2 | 6.19 | 61.86 | 68.05 | NOTE | |
r-release-linux-x86_64 | 0.1.2 | 5.54 | 62.05 | 67.59 | NOTE | |
r-release-macos-arm64 | 0.1.2 | 29.00 | NOTE | |||
r-release-windows-x86_64 | 0.1.2 | 7.00 | 70.00 | 77.00 | NOTE | |
r-oldrel-macos-arm64 | 0.1.2 | 32.00 | NOTE | |||
r-oldrel-macos-x86_64 | 0.1.2 | 50.00 | NOTE | |||
r-oldrel-windows-x86_64 | 0.1.2 | 7.00 | 78.00 | 85.00 | NOTE |
Version: 0.1.2
Check: LazyData
Result: NOTE
'LazyData' is specified without a 'data' directory
Flavors: r-devel-linux-x86_64-debian-clang, r-devel-linux-x86_64-debian-gcc, r-devel-linux-x86_64-fedora-clang, r-devel-linux-x86_64-fedora-gcc, r-devel-windows-x86_64, r-patched-linux-x86_64, r-release-linux-x86_64, r-release-macos-arm64, r-release-windows-x86_64, r-oldrel-macos-arm64, r-oldrel-macos-x86_64, r-oldrel-windows-x86_64