Last updated on 2024-05-11 03:52:05 CEST.
Flavor | Version | Tinstall | Tcheck | Ttotal | Status | Flags |
---|---|---|---|---|---|---|
r-devel-linux-x86_64-debian-clang | 0.3.1.1 | 30.77 | 195.75 | 226.52 | OK | |
r-devel-linux-x86_64-debian-gcc | 0.3.1.1 | 24.07 | 143.17 | 167.24 | OK | |
r-devel-linux-x86_64-fedora-clang | 0.3.1.1 | 293.12 | OK | |||
r-devel-linux-x86_64-fedora-gcc | 0.3.1.1 | 360.07 | OK | |||
r-devel-windows-x86_64 | 0.3.1.1 | 27.00 | 166.00 | 193.00 | OK | |
r-patched-linux-x86_64 | 0.3.1.1 | 24.37 | 184.55 | 208.92 | OK | |
r-release-linux-x86_64 | 0.3.1.1 | 22.50 | 190.65 | 213.15 | OK | |
r-release-macos-arm64 | 0.3.1.1 | 87.00 | OK | |||
r-release-windows-x86_64 | 0.3.1.1 | 27.00 | 163.00 | 190.00 | OK | |
r-oldrel-macos-arm64 | 0.3.1.1 | 93.00 | OK | |||
r-oldrel-macos-x86_64 | 0.3.1.1 | 152.00 | NOTE | |||
r-oldrel-windows-x86_64 | 0.3.1.1 | 37.00 | 204.00 | 241.00 | OK |
Version: 0.3.1.1
Check: package dependencies
Result: NOTE
Package suggested but not available for checking: ‘quanteda.textmodels’
Flavor: r-oldrel-macos-x86_64