Last updated on 2024-05-09 15:49:32 CEST.
Flavor | Version | Tinstall | Tcheck | Ttotal | Status | Flags |
---|---|---|---|---|---|---|
r-devel-linux-x86_64-debian-clang | 0.1.2 | 6.27 | 56.93 | 63.20 | OK | |
r-devel-linux-x86_64-debian-gcc | 0.1.2 | 5.29 | 42.20 | 47.49 | OK | |
r-devel-linux-x86_64-fedora-clang | 0.1.2 | 79.98 | NOTE | |||
r-devel-linux-x86_64-fedora-gcc | 0.1.2 | 119.26 | NOTE | |||
r-devel-windows-x86_64 | 0.1.2 | 8.00 | 62.00 | 70.00 | OK | |
r-patched-linux-x86_64 | 0.1.2 | 7.62 | 53.52 | 61.14 | OK | |
r-release-linux-x86_64 | 0.1.2 | 7.11 | 55.03 | 62.14 | OK | |
r-release-macos-arm64 | 0.1.2 | 32.00 | OK | |||
r-release-macos-x86_64 | 0.1.2 | 65.00 | OK | |||
r-release-windows-x86_64 | 0.1.2 | 7.00 | 60.00 | 67.00 | OK | |
r-oldrel-macos-arm64 | 0.1.2 | 36.00 | OK | |||
r-oldrel-macos-x86_64 | 0.1.2 | 60.00 | OK | |||
r-oldrel-windows-x86_64 | 0.1.2 | 10.00 | 67.00 | 77.00 | OK |
Version: 0.1.2
Check: data for non-ASCII characters
Result: NOTE
Note: found 20 marked UTF-8 strings
Flavors: r-devel-linux-x86_64-fedora-clang, r-devel-linux-x86_64-fedora-gcc