Last updated on 2024-05-11 03:52:06 CEST.
Flavor | Version | Tinstall | Tcheck | Ttotal | Status | Flags |
---|---|---|---|---|---|---|
r-devel-linux-x86_64-debian-clang | 2.1.0 | 76.73 | 895.20 | 971.93 | NOTE | |
r-devel-linux-x86_64-debian-gcc | 2.1.0 | 58.73 | 693.01 | 751.74 | NOTE | |
r-devel-linux-x86_64-fedora-clang | 2.1.0 | 1200.67 | NOTE | |||
r-devel-linux-x86_64-fedora-gcc | 2.1.0 | 1356.50 | NOTE | |||
r-devel-windows-x86_64 | 2.1.0 | 59.00 | 860.00 | 919.00 | NOTE | |
r-patched-linux-x86_64 | 2.1.0 | 76.15 | 887.54 | 963.69 | NOTE | |
r-release-linux-x86_64 | 2.1.0 | 56.17 | 909.01 | 965.18 | NOTE | |
r-release-macos-arm64 | 2.1.0 | 377.00 | NOTE | |||
r-release-windows-x86_64 | 2.1.0 | 62.00 | 879.00 | 941.00 | NOTE | |
r-oldrel-macos-arm64 | 2.1.0 | 410.00 | NOTE | |||
r-oldrel-macos-x86_64 | 2.1.0 | 628.00 | NOTE | |||
r-oldrel-windows-x86_64 | 2.1.0 | 75.00 | 938.00 | 1013.00 | NOTE |
Version: 2.1.0
Check: C++ specification
Result: NOTE
Specified C++11: please drop specification unless essential
Flavors: r-devel-linux-x86_64-debian-clang, r-devel-linux-x86_64-debian-gcc, r-devel-linux-x86_64-fedora-clang, r-devel-linux-x86_64-fedora-gcc, r-devel-windows-x86_64, r-patched-linux-x86_64, r-release-linux-x86_64, r-release-macos-arm64, r-release-windows-x86_64, r-oldrel-macos-arm64, r-oldrel-macos-x86_64, r-oldrel-windows-x86_64