Last updated on 2024-05-11 03:52:06 CEST.
Flavor | Version | Tinstall | Tcheck | Ttotal | Status | Flags |
---|---|---|---|---|---|---|
r-devel-linux-x86_64-debian-clang | 2.1.5 | 3.85 | 42.61 | 46.46 | NOTE | |
r-devel-linux-x86_64-debian-gcc | 2.1.5 | 2.93 | 31.40 | 34.33 | NOTE | |
r-devel-linux-x86_64-fedora-clang | 2.1.5 | 58.45 | NOTE | |||
r-devel-linux-x86_64-fedora-gcc | 2.1.5 | 89.22 | NOTE | |||
r-devel-windows-x86_64 | 2.1.5 | 4.00 | 61.00 | 65.00 | NOTE | |
r-patched-linux-x86_64 | 2.1.5 | 4.64 | 40.66 | 45.30 | NOTE | |
r-release-linux-x86_64 | 2.1.5 | 3.90 | 40.76 | 44.66 | NOTE | |
r-release-macos-arm64 | 2.1.5 | 28.00 | NOTE | |||
r-release-windows-x86_64 | 2.1.5 | 5.00 | 59.00 | 64.00 | NOTE | |
r-oldrel-macos-arm64 | 2.1.5 | 29.00 | NOTE | |||
r-oldrel-macos-x86_64 | 2.1.5 | 39.00 | NOTE | |||
r-oldrel-windows-x86_64 | 2.1.5 | 7.00 | 60.00 | 67.00 | NOTE |
Version: 2.1.5
Check: package subdirectories
Result: NOTE
Problems with news in ‘NEWS.md’:
No news entries found.
Flavors: r-devel-linux-x86_64-debian-clang, r-devel-linux-x86_64-debian-gcc, r-devel-linux-x86_64-fedora-clang, r-devel-linux-x86_64-fedora-gcc, r-devel-windows-x86_64, r-patched-linux-x86_64, r-release-linux-x86_64, r-release-macos-arm64, r-release-windows-x86_64, r-oldrel-macos-arm64, r-oldrel-macos-x86_64, r-oldrel-windows-x86_64
Version: 2.1.5
Check: Rd files
Result: NOTE
checkRd: (-1) repo_build.Rd:44-47: Lost braces
44 | ## chunk "item 1" {
| ^
checkRd: (-1) repo_dependencies.Rd:48: Lost braces in \itemize; meant \describe ?
checkRd: (-1) repo_dependencies.Rd:49-50: Lost braces in \itemize; meant \describe ?
checkRd: (-1) repo_dependencies.Rd:51-53: Lost braces in \itemize; meant \describe ?
Flavors: r-devel-linux-x86_64-debian-clang, r-devel-linux-x86_64-debian-gcc, r-devel-linux-x86_64-fedora-clang, r-devel-linux-x86_64-fedora-gcc, r-devel-windows-x86_64, r-patched-linux-x86_64, r-release-linux-x86_64, r-release-macos-arm64, r-release-windows-x86_64