Last updated on 2024-05-13 03:49:44 CEST.
Flavor | Version | Tinstall | Tcheck | Ttotal | Status | Flags |
---|---|---|---|---|---|---|
r-devel-linux-x86_64-debian-clang | 0.4.5 | 9.63 | 88.06 | 97.69 | NOTE | |
r-devel-linux-x86_64-debian-gcc | 0.4.5 | 7.02 | 63.99 | 71.01 | NOTE | |
r-devel-linux-x86_64-fedora-clang | 0.4.5 | 117.50 | NOTE | |||
r-devel-linux-x86_64-fedora-gcc | 0.4.5 | 169.61 | NOTE | |||
r-devel-windows-x86_64 | 0.4.5 | 8.00 | 76.00 | 84.00 | NOTE | |
r-patched-linux-x86_64 | 0.4.5 | 12.62 | 84.07 | 96.69 | NOTE | |
r-release-linux-x86_64 | 0.4.5 | 6.97 | 83.39 | 90.36 | NOTE | |
r-release-macos-arm64 | 0.4.5 | 36.00 | NOTE | |||
r-release-windows-x86_64 | 0.4.5 | 8.00 | 77.00 | 85.00 | NOTE | |
r-oldrel-macos-arm64 | 0.4.5 | 38.00 | NOTE | |||
r-oldrel-macos-x86_64 | 0.4.5 | 64.00 | NOTE | |||
r-oldrel-windows-x86_64 | 0.4.5 | 10.00 | 91.00 | 101.00 | NOTE |
Version: 0.4.5
Check: LazyData
Result: NOTE
'LazyData' is specified without a 'data' directory
Flavors: r-devel-linux-x86_64-debian-clang, r-devel-linux-x86_64-debian-gcc, r-devel-linux-x86_64-fedora-clang, r-devel-linux-x86_64-fedora-gcc, r-devel-windows-x86_64, r-patched-linux-x86_64, r-release-linux-x86_64, r-release-macos-arm64, r-release-windows-x86_64, r-oldrel-macos-arm64, r-oldrel-macos-x86_64, r-oldrel-windows-x86_64
Version: 0.4.5
Check: dependencies in R code
Result: NOTE
Namespace in Imports field not imported from: ‘coda’
All declared Imports should be used.
Flavors: r-devel-linux-x86_64-fedora-clang, r-devel-linux-x86_64-fedora-gcc