Last updated on 2024-05-13 03:49:45 CEST.
Flavor | Version | Tinstall | Tcheck | Ttotal | Status | Flags |
---|---|---|---|---|---|---|
r-devel-linux-x86_64-debian-clang | 7.3.1 | 24.00 | 159.21 | 183.21 | NOTE | |
r-devel-linux-x86_64-debian-gcc | 7.3.1 | 20.03 | 116.24 | 136.27 | NOTE | |
r-devel-linux-x86_64-fedora-clang | 7.3.1 | 230.48 | NOTE | |||
r-devel-linux-x86_64-fedora-gcc | 7.3.1 | 273.39 | NOTE | |||
r-devel-windows-x86_64 | 7.3.1 | 23.00 | 139.00 | 162.00 | NOTE | |
r-patched-linux-x86_64 | 7.3.1 | 24.37 | 147.42 | 171.79 | OK | |
r-release-linux-x86_64 | 7.3.1 | 26.59 | 152.38 | 178.97 | OK | |
r-release-macos-arm64 | 7.3.1 | 67.00 | OK | |||
r-release-macos-x86_64 | 7.3.1 | 113.00 | OK | |||
r-release-windows-x86_64 | 7.3.1 | 24.00 | 136.00 | 160.00 | OK | |
r-oldrel-macos-arm64 | 7.3.1 | 68.00 | OK | |||
r-oldrel-macos-x86_64 | 7.3.1 | 122.00 | OK | |||
r-oldrel-windows-x86_64 | 7.3.1 | 30.00 | 160.00 | 190.00 | OK |
Version: 7.3.1
Check: compiled code
Result: NOTE
File ‘roxygen2/libs/roxygen2.so’:
Found non-API calls to R: ‘SETLENGTH’, ‘SET_TRUELENGTH’
Compiled code should not call non-API entry points in R.
See ‘Writing portable packages’ in the ‘Writing R Extensions’ manual.
Flavors: r-devel-linux-x86_64-debian-clang, r-devel-linux-x86_64-debian-gcc, r-devel-linux-x86_64-fedora-clang, r-devel-linux-x86_64-fedora-gcc
Version: 7.3.1
Check: compiled code
Result: NOTE
File 'roxygen2/libs/x64/roxygen2.dll':
Found non-API calls to R: 'SETLENGTH', 'SET_TRUELENGTH'
Compiled code should not call non-API entry points in R.
See 'Writing portable packages' in the 'Writing R Extensions' manual.
Flavor: r-devel-windows-x86_64