Last updated on 2024-05-11 15:49:18 CEST.
Flavor | Version | Tinstall | Tcheck | Ttotal | Status | Flags |
---|---|---|---|---|---|---|
r-devel-linux-x86_64-debian-clang | 0.8.1 | 42.39 | 87.94 | 130.33 | NOTE | |
r-devel-linux-x86_64-debian-gcc | 0.8.1 | 30.72 | 63.72 | 94.44 | NOTE | |
r-devel-linux-x86_64-fedora-clang | 0.8.1 | 168.83 | NOTE | |||
r-devel-linux-x86_64-fedora-gcc | 0.8.1 | 219.21 | NOTE | |||
r-devel-windows-x86_64 | 0.8.1 | 33.00 | 99.00 | 132.00 | NOTE | |
r-patched-linux-x86_64 | 0.8.1 | 34.92 | 82.31 | 117.23 | NOTE | |
r-release-linux-x86_64 | 0.8.1 | 32.36 | 82.66 | 115.02 | NOTE | |
r-release-macos-arm64 | 0.8.1 | 44.00 | NOTE | |||
r-release-windows-x86_64 | 0.8.1 | 36.00 | 96.00 | 132.00 | NOTE | |
r-oldrel-macos-arm64 | 0.8.1 | 53.00 | OK | |||
r-oldrel-macos-x86_64 | 0.8.1 | 112.00 | OK | |||
r-oldrel-windows-x86_64 | 0.8.1 | 45.00 | 114.00 | 159.00 | OK |
Version: 0.8.1
Check: Rd files
Result: NOTE
checkRd: (-1) rpql.Rd:64: Lost braces in \itemize; meant \describe ?
checkRd: (-1) rpql.Rd:66: Lost braces in \itemize; meant \describe ?
checkRd: (-1) rpql.Rd:68: Lost braces in \itemize; meant \describe ?
checkRd: (-1) rpql.Rd:70: Lost braces in \itemize; meant \describe ?
checkRd: (-1) rpql.Rd:72: Lost braces in \itemize; meant \describe ?
checkRd: (-1) rpql.Rd:74: Lost braces in \itemize; meant \describe ?
Flavors: r-devel-linux-x86_64-debian-clang, r-devel-linux-x86_64-debian-gcc, r-devel-linux-x86_64-fedora-clang, r-devel-linux-x86_64-fedora-gcc, r-devel-windows-x86_64, r-patched-linux-x86_64, r-release-linux-x86_64, r-release-macos-arm64, r-release-windows-x86_64