Last updated on 2024-05-11 03:52:08 CEST.
Flavor | Version | Tinstall | Tcheck | Ttotal | Status | Flags |
---|---|---|---|---|---|---|
r-devel-linux-x86_64-debian-clang | 1.1.0 | 2.27 | 39.90 | 42.17 | NOTE | |
r-devel-linux-x86_64-debian-gcc | 1.1.0 | 2.24 | 30.39 | 32.63 | NOTE | |
r-devel-linux-x86_64-fedora-clang | 1.1.0 | 55.20 | NOTE | |||
r-devel-linux-x86_64-fedora-gcc | 1.1.0 | 75.17 | NOTE | |||
r-devel-windows-x86_64 | 1.1.0 | 5.00 | 60.00 | 65.00 | NOTE | |
r-patched-linux-x86_64 | 1.1.0 | 3.81 | 38.22 | 42.03 | NOTE | |
r-release-linux-x86_64 | 1.1.0 | 3.14 | 38.38 | 41.52 | NOTE | |
r-release-macos-arm64 | 1.1.0 | 28.00 | NOTE | |||
r-release-windows-x86_64 | 1.1.0 | 4.00 | 58.00 | 62.00 | NOTE | |
r-oldrel-macos-arm64 | 1.1.0 | 29.00 | OK | |||
r-oldrel-macos-x86_64 | 1.1.0 | 39.00 | OK | |||
r-oldrel-windows-x86_64 | 1.1.0 | 5.00 | 58.00 | 63.00 | OK |
Version: 1.1.0
Check: Rd files
Result: NOTE
checkRd: (-1) rt_GET.Rd:13: Lost braces
13 | code{\link[httr]{GET}} (\code{TRUE}) or not (\code{FALSE})}
| ^
checkRd: (-1) rt_POST.Rd:13: Lost braces
13 | code{\link[httr]{POST}} (\code{TRUE}) or not (\code{FALSE})}
| ^
Flavors: r-devel-linux-x86_64-debian-clang, r-devel-linux-x86_64-debian-gcc, r-devel-linux-x86_64-fedora-clang, r-devel-linux-x86_64-fedora-gcc, r-devel-windows-x86_64, r-patched-linux-x86_64, r-release-linux-x86_64, r-release-macos-arm64, r-release-windows-x86_64