Last updated on 2024-05-13 03:49:46 CEST.
Flavor | Version | Tinstall | Tcheck | Ttotal | Status | Flags |
---|---|---|---|---|---|---|
r-devel-linux-x86_64-debian-clang | 0.2.4 | 5.38 | 47.07 | 52.45 | OK | |
r-devel-linux-x86_64-debian-gcc | 0.2.4 | 3.17 | 35.02 | 38.19 | OK | |
r-devel-linux-x86_64-fedora-clang | 0.2.4 | 64.90 | NOTE | |||
r-devel-linux-x86_64-fedora-gcc | 0.2.4 | 94.27 | NOTE | |||
r-devel-windows-x86_64 | 0.2.4 | 6.00 | 56.00 | 62.00 | OK | |
r-patched-linux-x86_64 | 0.2.4 | 3.91 | 44.15 | 48.06 | OK | |
r-release-linux-x86_64 | 0.2.4 | 5.10 | 43.51 | 48.61 | OK | |
r-release-macos-arm64 | 0.2.4 | 26.00 | OK | |||
r-release-windows-x86_64 | 0.2.4 | 6.00 | 56.00 | 62.00 | OK | |
r-oldrel-macos-arm64 | 0.2.4 | 32.00 | OK | |||
r-oldrel-macos-x86_64 | 0.2.4 | 45.00 | OK | |||
r-oldrel-windows-x86_64 | 0.2.4 | 6.00 | 59.00 | 65.00 | OK |
Version: 0.2.4
Check: data for non-ASCII characters
Result: NOTE
Note: found 4250 marked UTF-8 strings
Flavors: r-devel-linux-x86_64-fedora-clang, r-devel-linux-x86_64-fedora-gcc