Last updated on 2024-05-11 03:52:08 CEST.
Flavor | Version | Tinstall | Tcheck | Ttotal | Status | Flags |
---|---|---|---|---|---|---|
r-devel-linux-x86_64-debian-clang | 0.2.0 | 22.58 | 78.09 | 100.67 | NOTE | |
r-devel-linux-x86_64-debian-gcc | 0.2.0 | 17.81 | 57.01 | 74.82 | NOTE | |
r-devel-linux-x86_64-fedora-clang | 0.2.0 | 143.11 | NOTE | |||
r-devel-linux-x86_64-fedora-gcc | 0.2.0 | 362.67 | NOTE | |||
r-devel-windows-x86_64 | 0.2.0 | 21.00 | 97.00 | 118.00 | NOTE | |
r-patched-linux-x86_64 | 0.2.0 | 25.11 | 74.49 | 99.60 | NOTE | |
r-release-linux-x86_64 | 0.2.0 | 23.46 | 73.91 | 97.37 | NOTE | |
r-release-macos-arm64 | 0.2.0 | 93.00 | NOTE | |||
r-release-windows-x86_64 | 0.2.0 | 23.00 | 93.00 | 116.00 | NOTE | |
r-oldrel-macos-arm64 | 0.2.0 | 91.00 | OK | |||
r-oldrel-macos-x86_64 | 0.2.0 | 123.00 | OK | |||
r-oldrel-windows-x86_64 | 0.2.0 | 25.00 | 107.00 | 132.00 | OK |
Version: 0.2.0
Check: Rd files
Result: NOTE
checkRd: (-1) setData.ReducedRankRegressions.Rd:14-16: Lost braces in \itemize; meant \describe ?
checkRd: (-1) setData.ReducedRankRegressions.Rd:17-18: Lost braces in \itemize; meant \describe ?
Flavors: r-devel-linux-x86_64-debian-clang, r-devel-linux-x86_64-debian-gcc, r-devel-linux-x86_64-fedora-clang, r-devel-linux-x86_64-fedora-gcc, r-devel-windows-x86_64, r-patched-linux-x86_64, r-release-linux-x86_64, r-release-macos-arm64, r-release-windows-x86_64
Version: 0.2.0
Check: compiled code
Result: NOTE
File ‘sBIC/libs/sBIC.so’:
Found no calls to: ‘R_registerRoutines’, ‘R_useDynamicSymbols’
It is good practice to register native routines and to disable symbol
search.
See ‘Writing portable packages’ in the ‘Writing R Extensions’ manual.
Flavors: r-devel-linux-x86_64-fedora-clang, r-devel-linux-x86_64-fedora-gcc