Last updated on 2024-05-11 03:52:08 CEST.
Flavor | Version | Tinstall | Tcheck | Ttotal | Status | Flags |
---|---|---|---|---|---|---|
r-devel-linux-x86_64-debian-clang | 1.0-1 | 8.94 | 115.10 | 124.04 | OK | |
r-devel-linux-x86_64-debian-gcc | 1.0-1 | 6.54 | 76.80 | 83.34 | OK | |
r-devel-linux-x86_64-fedora-clang | 1.0-1 | 151.28 | NOTE | |||
r-devel-linux-x86_64-fedora-gcc | 1.0-1 | 154.77 | NOTE | |||
r-devel-windows-x86_64 | 1.0-1 | 8.00 | 101.00 | 109.00 | OK | |
r-patched-linux-x86_64 | 1.0-1 | 10.99 | 105.39 | 116.38 | OK | |
r-release-linux-x86_64 | 1.0-1 | 11.54 | 105.93 | 117.47 | OK | |
r-release-macos-arm64 | 1.0-1 | 39.00 | OK | |||
r-release-windows-x86_64 | 1.0-1 | 7.00 | 98.00 | 105.00 | OK | |
r-oldrel-macos-arm64 | 1.0-1 | 53.00 | OK | |||
r-oldrel-macos-x86_64 | 1.0-1 | 93.00 | OK | |||
r-oldrel-windows-x86_64 | 1.0-1 | 8.00 | 109.00 | 117.00 | OK |
Version: 1.0-1
Check: dependencies in R code
Result: NOTE
Namespace in Imports field not imported from: ‘pvclust’
All declared Imports should be used.
Flavors: r-devel-linux-x86_64-fedora-clang, r-devel-linux-x86_64-fedora-gcc