Last updated on 2024-05-11 15:49:19 CEST.
Flavor | Version | Tinstall | Tcheck | Ttotal | Status | Flags |
---|---|---|---|---|---|---|
r-devel-linux-x86_64-debian-clang | 0.8.4 | 16.96 | 154.65 | 171.61 | OK | |
r-devel-linux-x86_64-debian-gcc | 0.8.4 | 11.02 | 110.32 | 121.34 | OK | |
r-devel-linux-x86_64-fedora-clang | 0.8.4 | 216.66 | OK | |||
r-devel-linux-x86_64-fedora-gcc | 0.8.4 | 201.41 | OK | |||
r-devel-windows-x86_64 | 0.8.4 | 14.00 | 148.00 | 162.00 | OK | |
r-patched-linux-x86_64 | 0.8.4 | 15.64 | 150.28 | 165.92 | OK | |
r-release-linux-x86_64 | 0.8.4 | 10.43 | 141.47 | 151.90 | NOTE | |
r-release-macos-arm64 | 0.8.4 | 53.00 | OK | |||
r-release-macos-x86_64 | 0.8.4 | 170.00 | OK | |||
r-release-windows-x86_64 | 0.8.4 | 16.00 | 140.00 | 156.00 | OK | |
r-oldrel-macos-arm64 | 0.8.4 | 70.00 | OK | |||
r-oldrel-macos-x86_64 | 0.8.4 | 175.00 | OK | |||
r-oldrel-windows-x86_64 | 0.8.4 | 18.00 | 225.00 | 243.00 | OK |
Version: 0.8.4
Check: package dependencies
Result: NOTE
Package suggested but not available for checking: ‘rstanarm’
Flavor: r-release-linux-x86_64