Last updated on 2024-05-11 03:52:09 CEST.
Flavor | Version | Tinstall | Tcheck | Ttotal | Status | Flags |
---|---|---|---|---|---|---|
r-devel-linux-x86_64-debian-clang | 1.2.4 | 30.33 | 32.99 | 63.32 | OK | |
r-devel-linux-x86_64-debian-gcc | 1.2.4 | 19.01 | 25.06 | 44.07 | OK | |
r-devel-linux-x86_64-fedora-clang | 1.2.4 | 89.64 | NOTE | |||
r-devel-linux-x86_64-fedora-gcc | 1.2.4 | 123.97 | NOTE | |||
r-devel-windows-x86_64 | 1.2.4 | 22.00 | 63.00 | 85.00 | OK | |
r-patched-linux-x86_64 | 1.2.4 | 26.46 | 31.42 | 57.88 | OK | |
r-release-linux-x86_64 | 1.2.4 | 26.48 | 31.23 | 57.71 | OK | |
r-release-macos-arm64 | 1.2.4 | 22.00 | OK | |||
r-release-windows-x86_64 | 1.2.4 | 22.00 | 63.00 | 85.00 | OK | |
r-oldrel-macos-arm64 | 1.2.4 | 28.00 | OK | |||
r-oldrel-macos-x86_64 | 1.2.4 | 38.00 | OK | |||
r-oldrel-windows-x86_64 | 1.2.4 | 29.00 | 69.00 | 98.00 | OK |
Version: 1.2.4
Check: compiled code
Result: NOTE
File ‘segmag/libs/segmag.so’:
Found no calls to: ‘R_registerRoutines’, ‘R_useDynamicSymbols’
It is good practice to register native routines and to disable symbol
search.
See ‘Writing portable packages’ in the ‘Writing R Extensions’ manual.
Flavors: r-devel-linux-x86_64-fedora-clang, r-devel-linux-x86_64-fedora-gcc